(-9)/(-18))/(r/(-10)). Suppose -s*c = -138 - 107. What is the units digit of c?
9
Let l = 647 - 189. Let w be (-6)/18 + l/6. Suppose 15*h - w = 13*h. What is the units digit of h?
8
Suppose 8*h = 4*h + 3*w + 161, -3*h = 2*w - 125. Suppose -h*a + 36*a + 1580 = 0. What is the units digit of a?
6
Let s = -2625 + 4423. What is the tens digit of s?
9
Suppose -53*m + 60*m = 21. Suppose 0 = -2*t + 4*d + 688, -m*t + 1065 = -0*d + 5*d. What is the hundreds digit of t?
3
Suppose -86060 = -31*o - 21425. Let f = o + -1355. What is the units digit of f?
0
Let u = -5828 - -3868. Let h be (-4 + -2)/(15/u). Suppose 4*m = -2*k + 4*k + h, -5*k + 207 = m. What is the units digit of m?
7
Let a be (8 - (-8 + 4)) + 0. Let b(c) = c**3 - 7*c**2 - 17*c + 3. What is the units digit of b(a)?
9
What is the tens digit of 6/6 + -4 - (-11038 - 2/(-2))?
3
Suppose -6*d - 5095 = -523. Let l = -451 - d. What is the hundreds digit of l?
3
Suppose 20*p = 118941 + 10159. What is the thousands digit of p?
6
Let u = -13 - -33. Suppose 6*x + u = 10*x. Suppose 0 = x*n - 270 + 85. What is the tens digit of n?
3
Suppose -94*v - 110360 + 3134824 = -961136. What is the ten thousands digit of v?
4
Suppose 55 = 4*w - d, -2 = 3*w + d - 45. Let b = w + -39. What is the units digit of 5/b - (-2 + (-396)/5)?
1
Let s be -1 + -4 + -1 + 2. Let v be (3/2)/(12/704). Let n = v - s. What is the units digit of n?
2
Suppose 0 = -2050*x + 1993*x + 2533251. What is the ten thousands digit of x?
4
Let o(l) = 6*l**2 + 48*l + 13. Let a be o(-8). Suppose 26055 = 40*y - a*y. What is the hundreds digit of y?
9
Let w(b) = 38*b - 103. Let i be w(10). Let s = -137 + i. What is the tens digit of s?
4
Suppose 0*r + 24 = 4*r. What is the hundreds digit of (328/(-6))/(r*(-4)/180)?
4
Suppose z - 4*v = -5, 4*z = -0*z + 5*v - 31. Let i(q) = -q**3 - 10*q**2 - 5*q + 17. Let f be i(z). Let c = f - -38. What is the units digit of c?
9
Let t(b) = -b + 24. Let r be t(18). What is the hundreds digit of 6*(0 + r + 35)?
2
What is the ten thousands digit of 4950/385*5/((-15)/(-2457))?
1
Let a(w) = 2*w**3 + 51*w**2 + 50*w - 29. Let b be 2/3*(-20 + -10 - 6). What is the hundreds digit of a(b)?
4
Let n(m) = 353*m - 828. What is the thousands digit of n(18)?
5
What is the ten thousands digit of 4/(-10)*(-10535833)/154 - 7/(-35)?
2
Let y(g) = 435*g + 2. Let v(w) = -18*w - 17. Let f be v(-1). What is the hundreds digit of y(f)?
4
Suppose 0 = 4*s - 2*s + 4. Let y be 7/((-56)/(-72)) + 0/s. What is the tens digit of y + 8 - 3/(-1)?
2
Let c(d) = -4*d**3 - 12*d**2 - 6*d + 6. Let f be c(-7). Suppose -20 = 5*s, 4*g - 3*s - s - f = 0. What is the hundreds digit of g?
2
What is the tens digit of (52 + 14)/11*64?
8
Let u = 4686 - 641. What is the tens digit of u?
4
Let x be (-6)/27 - (80/(-18))/2. Suppose 4*o = 3*v + 9, 0 = -v - 1 + x. Suppose o*a - 323 = -4*t, -a - a + 177 = -5*t. What is the hundreds digit of a?
1
Suppose 3*t = -3*w + 10962, 7*w = 11*w - 20. Suppose 5*q - t = 3*y, 2*q - 1982 = -y - 518. What is the tens digit of q?
3
Suppose -4*n - 6*v = -v - 81525, -9*n = -5*v - 183415. What is the thousands digit of n?
0
Let p = -29 + 31. Suppose -j + 12 = 3*j - p*q, q = -j. Suppose a - 5*a + 3*k + 441 = 0, 2 = j*k. What is the hundreds digit of a?
1
Let z = 343 + -713. Let f = z - -1268. What is the tens digit of f?
9
Suppose -9*d - 2200 = -5476. Suppose 118 - d = -3*b. What is the tens digit of b?
8
Let p(z) = 79*z**2 - 2*z + 8. Suppose -16 = -3*a - 2*v, -4*a - 2*v = -2*a - 14. What is the tens digit of p(a)?
2
Let a = 7 + -31. Let b(y) = -23*y - 11649*y**2 - 9*y + 11648*y**2 + 10. What is the hundreds digit of b(a)?
2
Suppose -5*a = -3*a - 6. Suppose 2*c = -0*t - a*t + 344, -5*c - 540 = -5*t. Suppose 6*g - 2*g - t = 0. What is the units digit of g?
8
Let b(d) = 4*d + 33. Let j be b(-7). Suppose 0 = -j*p + 727 + 538. What is the units digit of p?
3
Let z be (-6)/(-4) + 10 + (-7640)/16. What is the hundreds digit of (-8 + 5)*z/6?
2
Suppose -5*n + 5513 = z + 173, -5*z - 25 = 0. Let c = -507 + n. What is the tens digit of c?
6
Let d = 7 - -3. Suppose 5*y + 36 = 4*w, -3*w - y = 2*y. What is the units digit of (-744)/(-20)*d/w?
3
Suppose 5*h - 27*h = -25080. Let f = h - 628. What is the tens digit of f?
1
Let k(b) = -b**2 + 20*b - 24. Let q be k(16). What is the units digit of 1 + 18/(-15) - (-13608)/q?
0
Let l(t) = 9 - 5 + 83*t + 3 + 50. What is the units digit of l(3)?
6
Let s = 689 + -223. Suppose -1847 = -13*b + 2183. Let n = s - b. What is the hundreds digit of n?
1
Let f be ((-1)/2)/(46/276). What is the tens digit of (1 - 6 - f)*(-237 + -2)?
7
Let j = 85 - 137. Let a = j - -795. What is the units digit of a?
3
Suppose 29*x - 550079 = 859234. What is the hundreds digit of x?
5
Let a(n) = -n + 10. Let x be a(7). Let y(r) be the third derivative of r**5/10 + r**3 - 19*r**2 - 1. What is the units digit of y(x)?
0
Let l be (18/(-4))/(-1)*(26 - 24). Suppose 10*c - 95 = -l*c. What is the units digit of c?
5
Suppose 102*t - 59*t = 3353871. What is the units digit of t?
7
Suppose 28 = 2*r - 2*k, r - 6*k + 3*k - 20 = 0. Let f(m) = -m**3 + 13*m**2 + 6*m - 21. Let z be f(r). Suppose 4*i = 907 - z. What is the tens digit of i?
5
What is the ten thousands digit of 19190427/559 + -4*(-4)/208?
3
Suppose -12*n + 14 = -34. Let x be n - (-26)/5*(-1 - -66). Suppose -108 = 5*p - 4*m - 959, 2*p = 2*m + x. What is the tens digit of p?
6
Let o(l) = -7*l - 15. Let w be o(-4). Suppose -w = -h + 165. What is the tens digit of (-2)/1*(h/(-4) + 5)?
7
Suppose 0 = -5*q + 6*z + 6496, -4*q = -7*q - 2*z + 3892. What is the hundreds digit of q?
2
Suppose -3*a - 11*d = -14*d + 1647, -3*a = -4*d + 1650. Let i = a + 567. What is the tens digit of i?
2
Let z = -26 + 30. Suppose z*l - 4 = 2*l. What is the tens digit of 2*41/l + 0?
4
Suppose 76 = -11*z + 10. What is the tens digit of (-274381)/(-318) + (-1)/z?
6
Let o be 9/6*(-8)/(-6) - 0. Suppose -4*w + 448 = 4*q, -14 = o*q - 3*w - 258. What is the units digit of (q/2)/(3/(-12)*-4)?
8
Suppose 4*v - 16 = -0. Suppose v*c + 175 + 21 = 0. Let g = -5 - c. What is the tens digit of g?
4
Let c = 4739 + 10208. What is the ten thousands digit of c?
1
Suppose 2*y + 5*m - 27608 - 36268 = 0, y - 2*m = 31920. What is the tens digit of y?
2
Let p(j) = j**3 + 11*j**2 - 26*j + 131. What is the thousands digit of p(9)?
1
Suppose 7*m + 55 + 29 = 0. Let i = 73 + m. What is the units digit of i?
1
Let j be (10/4 + -1)/((-66)/(-59488)). Let x = j - 928. What is the hundreds digit of x?
4
Let w = 1136 + -2285. What is the units digit of 1/((0 - w/287) + -4)?
7
Let v = -139 + 141. Suppose 574 = v*u - 0*u + 3*a, 2 = -a. What is the hundreds digit of u?
2
Let g(b) = 1435*b + 8537. What is the ten thousands digit of g(18)?
3
Suppose 4*p + 5*k + 24 + 10 = 0, -2*k + 20 = -4*p. What is the units digit of p/(-15)*1*655?
2
Let x = 2087 - 926. Let s(w) = 1155*w - x*w + 0 - 11 + 12*w**2. What is the tens digit of s(-2)?
4
Let j(d) = d**2 - 4*d + 8. Let y(l) = 2*l**2 - 12*l + 23. Let m(a) = 11*j(a) - 4*y(a). Let x(v) = 7*v - 35. Let p be x(6). What is the units digit of m(p)?
1
What is the units digit of 32/40*((923580/(-8))/(-7) - 0)?
4
Suppose -3*q = -3*h + 16349 - 3140, 0 = -3*h - 2*q + 13244. What is the units digit of h?
0
What is the tens digit of ((896/(-12))/28)/(-2 + (-105320)/(-52665))?
4
Suppose -242529 = -34*k - 23879 + 122914. What is the ten thousands digit of k?
1
Suppose 15*v + 10 = 13*v. Let u = -2 - v. What is the units digit of u/15 + 402/15?
7
Let j be 4 + (-3 - (-2)/1). Suppose 0 = -57*s + 36*s + 1218. Suppose s + j = x. What is the tens digit of x?
6
Let f be 4*5/(-15) - (-28384)/12. Let i = f - 1679. What is the tens digit of i?
8
Let m = -2689 + 4021. Let j = m + -722. What is the hundreds digit of j?
6
Let z(b) = 10*b**2 - 206*b + 81. What is the hundreds digit of z(41)?
4
Let x be (-5)/2*(-264)/20. Let l = x + -33. What is the tens digit of 5 + 59 + l/(-2)?
6
Let c be 35/(-7)*(-2)/5. Suppose c*x = p - 126 + 19, -5*x - 216 = -2*p. What is the tens digit of p?
0
Suppose -2*p = -10, -4*l + 2*l = 3*p - 21. Suppose -f = -2*k + 3338, 4*k - 6692 = -5*f + l*f. What is the hundreds digit of k?
6
What is the units digit of (114/4)/(408/791248)?
1
Suppose 179 = 24*i - 61. Suppose 3*p + 12*f = i*f + 2102, -2*f = 4*p - 2804. What is the units 